{"id":15496,"date":"2024-03-22T10:53:12","date_gmt":"2024-03-22T14:53:12","guid":{"rendered":"https:\/\/www.fcpr.org\/wp-content\/uploads\/2024\/03\/CINTILLO-SSS-2.png"},"modified":"2024-03-22T10:53:12","modified_gmt":"2024-03-22T14:53:12","slug":"cintillo-sss-2","status":"inherit","type":"attachment","link":"https:\/\/www.fcpr.org\/en\/abre-convocatoria-de-becas-para-estudiar-especialidades-en-neurologia-ortopedia-y-pediatria\/cintillo-sss-2\/","title":{"rendered":"CINTILLO SSS (2)"},"author":7,"featured_media":0,"comment_status":"open","ping_status":"closed","template":"","meta":{"give_campaign_id":0},"class_list":["post-15496","attachment","type-attachment","status-inherit","hentry"],"yoast_head":"<!-- This site is optimized with the Yoast SEO Premium plugin v27.5 (Yoast SEO v27.5) - https:\/\/yoast.com\/product\/yoast-seo-premium-wordpress\/ -->\n<title>CINTILLO SSS (2) - Fundaci\u00f3n Comunitaria de Puerto Rico<\/title>\n<meta name=\"robots\" content=\"index, follow, max-snippet:-1, max-image-preview:large, max-video-preview:-1\" \/>\n<link rel=\"canonical\" href=\"https:\/\/www.fcpr.org\/wp-content\/uploads\/2024\/03\/CINTILLO-SSS-2.png\" \/>\n<meta property=\"og:locale\" content=\"en_US\" \/>\n<meta property=\"og:type\" content=\"article\" \/>\n<meta property=\"og:title\" content=\"CINTILLO SSS (2) - Fundaci\u00f3n Comunitaria de Puerto Rico\" \/>\n<meta property=\"og:url\" content=\"https:\/\/www.fcpr.org\/wp-content\/uploads\/2024\/03\/CINTILLO-SSS-2.png\" \/>\n<meta property=\"og:site_name\" content=\"Fundaci\u00f3n Comunitaria de Puerto Rico\" \/>\n<meta property=\"article:publisher\" content=\"https:\/\/www.facebook.com\/FundacionComunitaria\" \/>\n<meta property=\"og:image\" content=\"https:\/\/www.fcpr.org\/wp-content\/uploads\/2024\/03\/CINTILLO-SSS-2.png\" \/>\n\t<meta property=\"og:image:width\" content=\"1640\" \/>\n\t<meta property=\"og:image:height\" content=\"741\" \/>\n\t<meta property=\"og:image:type\" content=\"image\/png\" \/>\n<meta name=\"twitter:card\" content=\"summary_large_image\" \/>\n<meta name=\"twitter:site\" content=\"@FComunitaria\" \/>\n<script type=\"application\/ld+json\" class=\"yoast-schema-graph\">{\"@context\":\"https:\\\/\\\/schema.org\",\"@graph\":[{\"@type\":\"WebPage\",\"@id\":\"https:\\\/\\\/www.fcpr.org\\\/wp-content\\\/uploads\\\/2024\\\/03\\\/CINTILLO-SSS-2.png\",\"url\":\"https:\\\/\\\/www.fcpr.org\\\/wp-content\\\/uploads\\\/2024\\\/03\\\/CINTILLO-SSS-2.png\",\"name\":\"CINTILLO SSS (2) - Fundaci\u00f3n Comunitaria de Puerto Rico\",\"isPartOf\":{\"@id\":\"https:\\\/\\\/www.fcpr.org\\\/#website\"},\"datePublished\":\"2024-03-22T14:53:12+00:00\",\"breadcrumb\":{\"@id\":\"https:\\\/\\\/www.fcpr.org\\\/wp-content\\\/uploads\\\/2024\\\/03\\\/CINTILLO-SSS-2.png#breadcrumb\"},\"inLanguage\":\"en-US\",\"potentialAction\":[{\"@type\":\"ReadAction\",\"target\":[\"https:\\\/\\\/www.fcpr.org\\\/wp-content\\\/uploads\\\/2024\\\/03\\\/CINTILLO-SSS-2.png\"]}]},{\"@type\":\"BreadcrumbList\",\"@id\":\"https:\\\/\\\/www.fcpr.org\\\/wp-content\\\/uploads\\\/2024\\\/03\\\/CINTILLO-SSS-2.png#breadcrumb\",\"itemListElement\":[{\"@type\":\"ListItem\",\"position\":1,\"name\":\"Home\",\"item\":\"https:\\\/\\\/www.fcpr.org\\\/\"},{\"@type\":\"ListItem\",\"position\":2,\"name\":\"Fondo Fundaci\u00f3n Triple-S anuncia convocatoria de becas para estudiar especialidades en neurolog\u00eda, ortopedia y pediatr\u00eda\",\"item\":\"https:\\\/\\\/www.fcpr.org\\\/abre-convocatoria-de-becas-para-estudiar-especialidades-en-neurologia-ortopedia-y-pediatria\\\/\"},{\"@type\":\"ListItem\",\"position\":3,\"name\":\"CINTILLO SSS (2)\"}]},{\"@type\":\"WebSite\",\"@id\":\"https:\\\/\\\/www.fcpr.org\\\/#website\",\"url\":\"https:\\\/\\\/www.fcpr.org\\\/\",\"name\":\"Fundaci\u00f3n Comunitaria de Puerto Rico\",\"description\":\"Fortaleciendo el Capital Comunitario\",\"publisher\":{\"@id\":\"https:\\\/\\\/www.fcpr.org\\\/#organization\"},\"potentialAction\":[{\"@type\":\"SearchAction\",\"target\":{\"@type\":\"EntryPoint\",\"urlTemplate\":\"https:\\\/\\\/www.fcpr.org\\\/?s={search_term_string}\"},\"query-input\":{\"@type\":\"PropertyValueSpecification\",\"valueRequired\":true,\"valueName\":\"search_term_string\"}}],\"inLanguage\":\"en-US\"},{\"@type\":\"Organization\",\"@id\":\"https:\\\/\\\/www.fcpr.org\\\/#organization\",\"name\":\"Fundaci\u00f3n Comunitaria de Puerto Rico\",\"url\":\"https:\\\/\\\/www.fcpr.org\\\/\",\"logo\":{\"@type\":\"ImageObject\",\"inLanguage\":\"en-US\",\"@id\":\"https:\\\/\\\/www.fcpr.org\\\/#\\\/schema\\\/logo\\\/image\\\/\",\"url\":\"https:\\\/\\\/www.fcpr.org\\\/wp-content\\\/uploads\\\/2016\\\/08\\\/logo-corp-red.png\",\"contentUrl\":\"https:\\\/\\\/www.fcpr.org\\\/wp-content\\\/uploads\\\/2016\\\/08\\\/logo-corp-red.png\",\"width\":221,\"height\":32,\"caption\":\"Fundaci\u00f3n Comunitaria de Puerto Rico\"},\"image\":{\"@id\":\"https:\\\/\\\/www.fcpr.org\\\/#\\\/schema\\\/logo\\\/image\\\/\"},\"sameAs\":[\"https:\\\/\\\/www.facebook.com\\\/FundacionComunitaria\",\"https:\\\/\\\/x.com\\\/FComunitaria\",\"https:\\\/\\\/www.instagram.com\\\/fundacioncomunitaria\\\/\",\"https:\\\/\\\/www.youtube.com\\\/channel\\\/UCGGW21eIGw6NRin0BrylmWg\"]}]}<\/script>\n<!-- \/ Yoast SEO Premium plugin. -->","yoast_head_json":{"title":"CINTILLO SSS (2) - Fundaci\u00f3n Comunitaria de Puerto Rico","robots":{"index":"index","follow":"follow","max-snippet":"max-snippet:-1","max-image-preview":"max-image-preview:large","max-video-preview":"max-video-preview:-1"},"canonical":"https:\/\/www.fcpr.org\/wp-content\/uploads\/2024\/03\/CINTILLO-SSS-2.png","og_locale":"en_US","og_type":"article","og_title":"CINTILLO SSS (2) - Fundaci\u00f3n Comunitaria de Puerto Rico","og_url":"https:\/\/www.fcpr.org\/wp-content\/uploads\/2024\/03\/CINTILLO-SSS-2.png","og_site_name":"Fundaci\u00f3n Comunitaria de Puerto Rico","article_publisher":"https:\/\/www.facebook.com\/FundacionComunitaria","og_image":[{"width":1640,"height":741,"url":"https:\/\/www.fcpr.org\/wp-content\/uploads\/2024\/03\/CINTILLO-SSS-2.png","type":"image\/png"}],"twitter_card":"summary_large_image","twitter_site":"@FComunitaria","schema":{"@context":"https:\/\/schema.org","@graph":[{"@type":"WebPage","@id":"https:\/\/www.fcpr.org\/wp-content\/uploads\/2024\/03\/CINTILLO-SSS-2.png","url":"https:\/\/www.fcpr.org\/wp-content\/uploads\/2024\/03\/CINTILLO-SSS-2.png","name":"CINTILLO SSS (2) - Fundaci\u00f3n Comunitaria de Puerto Rico","isPartOf":{"@id":"https:\/\/www.fcpr.org\/#website"},"datePublished":"2024-03-22T14:53:12+00:00","breadcrumb":{"@id":"https:\/\/www.fcpr.org\/wp-content\/uploads\/2024\/03\/CINTILLO-SSS-2.png#breadcrumb"},"inLanguage":"en-US","potentialAction":[{"@type":"ReadAction","target":["https:\/\/www.fcpr.org\/wp-content\/uploads\/2024\/03\/CINTILLO-SSS-2.png"]}]},{"@type":"BreadcrumbList","@id":"https:\/\/www.fcpr.org\/wp-content\/uploads\/2024\/03\/CINTILLO-SSS-2.png#breadcrumb","itemListElement":[{"@type":"ListItem","position":1,"name":"Home","item":"https:\/\/www.fcpr.org\/"},{"@type":"ListItem","position":2,"name":"Fondo Fundaci\u00f3n Triple-S anuncia convocatoria de becas para estudiar especialidades en neurolog\u00eda, ortopedia y pediatr\u00eda","item":"https:\/\/www.fcpr.org\/abre-convocatoria-de-becas-para-estudiar-especialidades-en-neurologia-ortopedia-y-pediatria\/"},{"@type":"ListItem","position":3,"name":"CINTILLO SSS (2)"}]},{"@type":"WebSite","@id":"https:\/\/www.fcpr.org\/#website","url":"https:\/\/www.fcpr.org\/","name":"Puerto Rico Community Foundation","description":"Strengthening Community Capital","publisher":{"@id":"https:\/\/www.fcpr.org\/#organization"},"potentialAction":[{"@type":"SearchAction","target":{"@type":"EntryPoint","urlTemplate":"https:\/\/www.fcpr.org\/?s={search_term_string}"},"query-input":{"@type":"PropertyValueSpecification","valueRequired":true,"valueName":"search_term_string"}}],"inLanguage":"en-US"},{"@type":"Organization","@id":"https:\/\/www.fcpr.org\/#organization","name":"Puerto Rico Community Foundation","url":"https:\/\/www.fcpr.org\/","logo":{"@type":"ImageObject","inLanguage":"en-US","@id":"https:\/\/www.fcpr.org\/#\/schema\/logo\/image\/","url":"https:\/\/www.fcpr.org\/wp-content\/uploads\/2016\/08\/logo-corp-red.png","contentUrl":"https:\/\/www.fcpr.org\/wp-content\/uploads\/2016\/08\/logo-corp-red.png","width":221,"height":32,"caption":"Fundaci\u00f3n Comunitaria de Puerto Rico"},"image":{"@id":"https:\/\/www.fcpr.org\/#\/schema\/logo\/image\/"},"sameAs":["https:\/\/www.facebook.com\/FundacionComunitaria","https:\/\/x.com\/FComunitaria","https:\/\/www.instagram.com\/fundacioncomunitaria\/","https:\/\/www.youtube.com\/channel\/UCGGW21eIGw6NRin0BrylmWg"]}]}},"description":{"rendered":"<p class=\"attachment\"><a href='https:\/\/www.fcpr.org\/wp-content\/uploads\/2024\/03\/CINTILLO-SSS-2.png'><img loading=\"lazy\" decoding=\"async\" width=\"300\" height=\"136\" src=\"https:\/\/www.fcpr.org\/wp-content\/uploads\/2024\/03\/CINTILLO-SSS-2-300x136.png\" class=\"attachment-medium size-medium\" alt=\"\" srcset=\"https:\/\/www.fcpr.org\/wp-content\/uploads\/2024\/03\/CINTILLO-SSS-2-300x136.png 300w, https:\/\/www.fcpr.org\/wp-content\/uploads\/2024\/03\/CINTILLO-SSS-2-1024x463.png 1024w, https:\/\/www.fcpr.org\/wp-content\/uploads\/2024\/03\/CINTILLO-SSS-2-768x347.png 768w, https:\/\/www.fcpr.org\/wp-content\/uploads\/2024\/03\/CINTILLO-SSS-2-1536x694.png 1536w, https:\/\/www.fcpr.org\/wp-content\/uploads\/2024\/03\/CINTILLO-SSS-2.png 1640w\" sizes=\"auto, (max-width: 300px) 100vw, 300px\" \/><\/a><\/p>\n"},"caption":{"rendered":""},"alt_text":"","media_type":"image","mime_type":"image\/png","media_details":{"width":1640,"height":741,"file":"2024\/03\/CINTILLO-SSS-2.png","filesize":577587,"sizes":{"medium":{"file":"CINTILLO-SSS-2-300x136.png","width":300,"height":136,"filesize":28331,"mime_type":"image\/png","source_url":"https:\/\/www.fcpr.org\/wp-content\/uploads\/2024\/03\/CINTILLO-SSS-2-300x136.png"},"large":{"file":"CINTILLO-SSS-2-1024x463.png","width":1024,"height":463,"filesize":217688,"mime_type":"image\/png","source_url":"https:\/\/www.fcpr.org\/wp-content\/uploads\/2024\/03\/CINTILLO-SSS-2-1024x463.png"},"thumbnail":{"file":"CINTILLO-SSS-2-150x150.png","width":150,"height":150,"filesize":12792,"mime_type":"image\/png","source_url":"https:\/\/www.fcpr.org\/wp-content\/uploads\/2024\/03\/CINTILLO-SSS-2-150x150.png"},"medium_large":{"file":"CINTILLO-SSS-2-768x347.png","width":768,"height":347,"filesize":133141,"mime_type":"image\/png","source_url":"https:\/\/www.fcpr.org\/wp-content\/uploads\/2024\/03\/CINTILLO-SSS-2-768x347.png"},"1536x1536":{"file":"CINTILLO-SSS-2-1536x694.png","width":1536,"height":694,"filesize":450922,"mime_type":"image\/png","source_url":"https:\/\/www.fcpr.org\/wp-content\/uploads\/2024\/03\/CINTILLO-SSS-2-1536x694.png"},"full":{"file":"CINTILLO-SSS-2.png","width":1640,"height":741,"mime_type":"image\/png","source_url":"https:\/\/www.fcpr.org\/wp-content\/uploads\/2024\/03\/CINTILLO-SSS-2.png"}},"image_meta":{"aperture":"0","credit":"","camera":"","caption":"","created_timestamp":"0","copyright":"","focal_length":"0","iso":"0","shutter_speed":"0","title":"","orientation":"0","keywords":[]}},"post":15495,"source_url":"https:\/\/www.fcpr.org\/wp-content\/uploads\/2024\/03\/CINTILLO-SSS-2.png","_links":{"self":[{"href":"https:\/\/www.fcpr.org\/en\/wp-json\/wp\/v2\/media\/15496","targetHints":{"allow":["GET"]}}],"collection":[{"href":"https:\/\/www.fcpr.org\/en\/wp-json\/wp\/v2\/media"}],"about":[{"href":"https:\/\/www.fcpr.org\/en\/wp-json\/wp\/v2\/types\/attachment"}],"author":[{"embeddable":true,"href":"https:\/\/www.fcpr.org\/en\/wp-json\/wp\/v2\/users\/7"}],"wp:attached-to":[{"embeddable":true,"post_type":"post","id":15495,"href":"https:\/\/www.fcpr.org\/en\/wp-json\/wp\/v2\/posts\/15495"}],"curies":[{"name":"wp","href":"https:\/\/api.w.org\/{rel}","templated":true}]}}

<!-- This site is optimized with the Yoast SEO Premium plugin v27.5 (Yoast SEO v27.5) - https://yoast.com/product/yoast-seo-premium-wordpress/ -->
<title>CINTILLO SSS (2) - Fundación Comunitaria de Puerto Rico</title>
<meta name="robots" content="index, follow, max-snippet:-1, max-image-preview:large, max-video-preview:-1" />
<link rel="canonical" href="https://www.fcpr.org/wp-content/uploads/2024/03/CINTILLO-SSS-2.png" />
<meta property="og:locale" content="en_US" />
<meta property="og:type" content="article" />
<meta property="og:title" content="CINTILLO SSS (2) - Fundación Comunitaria de Puerto Rico" />
<meta property="og:url" content="https://www.fcpr.org/wp-content/uploads/2024/03/CINTILLO-SSS-2.png" />
<meta property="og:site_name" content="Fundación Comunitaria de Puerto Rico" />
<meta property="article:publisher" content="https://www.facebook.com/FundacionComunitaria" />
<meta property="og:image" content="https://www.fcpr.org/wp-content/uploads/2024/03/CINTILLO-SSS-2.png" />
	<meta property="og:image:width" content="1640" />
	<meta property="og:image:height" content="741" />
	<meta property="og:image:type" content="image/png" />
<meta name="twitter:card" content="summary_large_image" />
<meta name="twitter:site" content="@FComunitaria" />
<script type="application/ld+json" class="yoast-schema-graph">{"@context":"https:\/\/schema.org","@graph":[{"@type":"WebPage","@id":"https:\/\/www.fcpr.org\/wp-content\/uploads\/2024\/03\/CINTILLO-SSS-2.png","url":"https:\/\/www.fcpr.org\/wp-content\/uploads\/2024\/03\/CINTILLO-SSS-2.png","name":"CINTILLO SSS (2) - Fundación Comunitaria de Puerto Rico","isPartOf":{"@id":"https:\/\/www.fcpr.org\/#website"},"datePublished":"2024-03-22T14:53:12+00:00","breadcrumb":{"@id":"https:\/\/www.fcpr.org\/wp-content\/uploads\/2024\/03\/CINTILLO-SSS-2.png#breadcrumb"},"inLanguage":"en-US","potentialAction":[{"@type":"ReadAction","target":["https:\/\/www.fcpr.org\/wp-content\/uploads\/2024\/03\/CINTILLO-SSS-2.png"]}]},{"@type":"BreadcrumbList","@id":"https:\/\/www.fcpr.org\/wp-content\/uploads\/2024\/03\/CINTILLO-SSS-2.png#breadcrumb","itemListElement":[{"@type":"ListItem","position":1,"name":"Home","item":"https:\/\/www.fcpr.org\/"},{"@type":"ListItem","position":2,"name":"Fondo Fundación Triple-S anuncia convocatoria de becas para estudiar especialidades en neurología, ortopedia y pediatría","item":"https:\/\/www.fcpr.org\/abre-convocatoria-de-becas-para-estudiar-especialidades-en-neurologia-ortopedia-y-pediatria\/"},{"@type":"ListItem","position":3,"name":"CINTILLO SSS (2)"}]},{"@type":"WebSite","@id":"https:\/\/www.fcpr.org\/#website","url":"https:\/\/www.fcpr.org\/","name":"Fundación Comunitaria de Puerto Rico","description":"Fortaleciendo el Capital Comunitario","publisher":{"@id":"https:\/\/www.fcpr.org\/#organization"},"potentialAction":[{"@type":"SearchAction","target":{"@type":"EntryPoint","urlTemplate":"https:\/\/www.fcpr.org\/?s={search_term_string}"},"query-input":{"@type":"PropertyValueSpecification","valueRequired":true,"valueName":"search_term_string"}}],"inLanguage":"en-US"},{"@type":"Organization","@id":"https:\/\/www.fcpr.org\/#organization","name":"Fundación Comunitaria de Puerto Rico","url":"https:\/\/www.fcpr.org\/","logo":{"@type":"ImageObject","inLanguage":"en-US","@id":"https:\/\/www.fcpr.org\/#\/schema\/logo\/image\/","url":"https:\/\/www.fcpr.org\/wp-content\/uploads\/2016\/08\/logo-corp-red.png","contentUrl":"https:\/\/www.fcpr.org\/wp-content\/uploads\/2016\/08\/logo-corp-red.png","width":221,"height":32,"caption":"Fundación Comunitaria de Puerto Rico"},"image":{"@id":"https:\/\/www.fcpr.org\/#\/schema\/logo\/image\/"},"sameAs":["https:\/\/www.facebook.com\/FundacionComunitaria","https:\/\/x.com\/FComunitaria","https:\/\/www.instagram.com\/fundacioncomunitaria\/","https:\/\/www.youtube.com\/channel\/UCGGW21eIGw6NRin0BrylmWg"]}]}</script>
<!-- / Yoast SEO Premium plugin. -->

CINTILLO SSS (2) - Fundación Comunitaria de Puerto Rico

Fundación Comunitaria de Puerto Rico

Fondo Fundación Triple-S anuncia convocatoria de becas para estudiar especialidades en neurología, ortopedia y pediatría
