{"id":3749,"date":"2018-03-29T16:01:26","date_gmt":"2018-03-29T16:01:26","guid":{"rendered":"https:\/\/fcpr.org\/wp-content\/uploads\/2018\/03\/D\u00cdA-MUNDIAL-DEL-AGUA-3-1.png"},"modified":"2018-03-29T16:01:26","modified_gmt":"2018-03-29T16:01:26","slug":"dia-mundial-del-agua-3-2","status":"inherit","type":"attachment","link":"https:\/\/www.fcpr.org\/en\/cfunited-all-in-fundaciones-comunitarias-reflexionan-sobre-su-respuesta-a-los-desastres-de-2017\/dia-mundial-del-agua-3-2\/","title":{"rendered":"D\u00cdA MUNDIAL DEL AGUA (3)"},"author":1,"featured_media":0,"comment_status":"open","ping_status":"closed","template":"","meta":{"give_campaign_id":0},"class_list":["post-3749","attachment","type-attachment","status-inherit","hentry"],"yoast_head":"<!-- This site is optimized with the Yoast SEO Premium plugin v27.5 (Yoast SEO v27.5) - https:\/\/yoast.com\/product\/yoast-seo-premium-wordpress\/ -->\n<title>D\u00cdA MUNDIAL DEL AGUA (3) - Fundaci\u00f3n Comunitaria de Puerto Rico<\/title>\n<meta name=\"robots\" content=\"index, follow, max-snippet:-1, max-image-preview:large, max-video-preview:-1\" \/>\n<link rel=\"canonical\" href=\"https:\/\/www.fcpr.org\/wp-content\/uploads\/2018\/03\/D\u00cdA-MUNDIAL-DEL-AGUA-3-1.png\" \/>\n<meta property=\"og:locale\" content=\"en_US\" \/>\n<meta property=\"og:type\" content=\"article\" \/>\n<meta property=\"og:title\" content=\"D\u00cdA MUNDIAL DEL AGUA (3) - Fundaci\u00f3n Comunitaria de Puerto Rico\" \/>\n<meta property=\"og:url\" content=\"https:\/\/www.fcpr.org\/wp-content\/uploads\/2018\/03\/D\u00cdA-MUNDIAL-DEL-AGUA-3-1.png\" \/>\n<meta property=\"og:site_name\" content=\"Fundaci\u00f3n Comunitaria de Puerto Rico\" \/>\n<meta property=\"article:publisher\" content=\"https:\/\/www.facebook.com\/FundacionComunitaria\" \/>\n<meta property=\"og:image\" content=\"https:\/\/www.fcpr.org\/wp-content\/uploads\/2018\/03\/D\u00cdA-MUNDIAL-DEL-AGUA-3-1.png\" \/>\n\t<meta property=\"og:image:width\" content=\"1080\" \/>\n\t<meta property=\"og:image:height\" content=\"1080\" \/>\n\t<meta property=\"og:image:type\" content=\"image\/png\" \/>\n<meta name=\"twitter:card\" content=\"summary_large_image\" \/>\n<meta name=\"twitter:site\" content=\"@FComunitaria\" \/>\n<script type=\"application\/ld+json\" class=\"yoast-schema-graph\">{\"@context\":\"https:\\\/\\\/schema.org\",\"@graph\":[{\"@type\":\"WebPage\",\"@id\":\"https:\\\/\\\/www.fcpr.org\\\/wp-content\\\/uploads\\\/2018\\\/03\\\/D\u00cdA-MUNDIAL-DEL-AGUA-3-1.png\",\"url\":\"https:\\\/\\\/www.fcpr.org\\\/wp-content\\\/uploads\\\/2018\\\/03\\\/D\u00cdA-MUNDIAL-DEL-AGUA-3-1.png\",\"name\":\"D\u00cdA MUNDIAL DEL AGUA (3) - Fundaci\u00f3n Comunitaria de Puerto Rico\",\"isPartOf\":{\"@id\":\"https:\\\/\\\/www.fcpr.org\\\/#website\"},\"datePublished\":\"2018-03-29T16:01:26+00:00\",\"breadcrumb\":{\"@id\":\"https:\\\/\\\/www.fcpr.org\\\/wp-content\\\/uploads\\\/2018\\\/03\\\/D\u00cdA-MUNDIAL-DEL-AGUA-3-1.png#breadcrumb\"},\"inLanguage\":\"en-US\",\"potentialAction\":[{\"@type\":\"ReadAction\",\"target\":[\"https:\\\/\\\/www.fcpr.org\\\/wp-content\\\/uploads\\\/2018\\\/03\\\/D\u00cdA-MUNDIAL-DEL-AGUA-3-1.png\"]}]},{\"@type\":\"BreadcrumbList\",\"@id\":\"https:\\\/\\\/www.fcpr.org\\\/wp-content\\\/uploads\\\/2018\\\/03\\\/D\u00cdA-MUNDIAL-DEL-AGUA-3-1.png#breadcrumb\",\"itemListElement\":[{\"@type\":\"ListItem\",\"position\":1,\"name\":\"Home\",\"item\":\"https:\\\/\\\/www.fcpr.org\\\/\"},{\"@type\":\"ListItem\",\"position\":2,\"name\":\"CFUnited, All-In: Fundaciones comunitarias reflexionan sobre su respuesta a los desastres de 2017\",\"item\":\"https:\\\/\\\/www.fcpr.org\\\/cfunited-all-in-fundaciones-comunitarias-reflexionan-sobre-su-respuesta-a-los-desastres-de-2017\\\/\"},{\"@type\":\"ListItem\",\"position\":3,\"name\":\"D\u00cdA MUNDIAL DEL AGUA (3)\"}]},{\"@type\":\"WebSite\",\"@id\":\"https:\\\/\\\/www.fcpr.org\\\/#website\",\"url\":\"https:\\\/\\\/www.fcpr.org\\\/\",\"name\":\"Fundaci\u00f3n Comunitaria de Puerto Rico\",\"description\":\"Fortaleciendo el Capital Comunitario\",\"publisher\":{\"@id\":\"https:\\\/\\\/www.fcpr.org\\\/#organization\"},\"potentialAction\":[{\"@type\":\"SearchAction\",\"target\":{\"@type\":\"EntryPoint\",\"urlTemplate\":\"https:\\\/\\\/www.fcpr.org\\\/?s={search_term_string}\"},\"query-input\":{\"@type\":\"PropertyValueSpecification\",\"valueRequired\":true,\"valueName\":\"search_term_string\"}}],\"inLanguage\":\"en-US\"},{\"@type\":\"Organization\",\"@id\":\"https:\\\/\\\/www.fcpr.org\\\/#organization\",\"name\":\"Fundaci\u00f3n Comunitaria de Puerto Rico\",\"url\":\"https:\\\/\\\/www.fcpr.org\\\/\",\"logo\":{\"@type\":\"ImageObject\",\"inLanguage\":\"en-US\",\"@id\":\"https:\\\/\\\/www.fcpr.org\\\/#\\\/schema\\\/logo\\\/image\\\/\",\"url\":\"https:\\\/\\\/www.fcpr.org\\\/wp-content\\\/uploads\\\/2016\\\/08\\\/logo-corp-red.png\",\"contentUrl\":\"https:\\\/\\\/www.fcpr.org\\\/wp-content\\\/uploads\\\/2016\\\/08\\\/logo-corp-red.png\",\"width\":221,\"height\":32,\"caption\":\"Fundaci\u00f3n Comunitaria de Puerto Rico\"},\"image\":{\"@id\":\"https:\\\/\\\/www.fcpr.org\\\/#\\\/schema\\\/logo\\\/image\\\/\"},\"sameAs\":[\"https:\\\/\\\/www.facebook.com\\\/FundacionComunitaria\",\"https:\\\/\\\/x.com\\\/FComunitaria\",\"https:\\\/\\\/www.instagram.com\\\/fundacioncomunitaria\\\/\",\"https:\\\/\\\/www.youtube.com\\\/channel\\\/UCGGW21eIGw6NRin0BrylmWg\"]}]}<\/script>\n<!-- \/ Yoast SEO Premium plugin. -->","yoast_head_json":{"title":"D\u00cdA MUNDIAL DEL AGUA (3) - Fundaci\u00f3n Comunitaria de Puerto Rico","robots":{"index":"index","follow":"follow","max-snippet":"max-snippet:-1","max-image-preview":"max-image-preview:large","max-video-preview":"max-video-preview:-1"},"canonical":"https:\/\/www.fcpr.org\/wp-content\/uploads\/2018\/03\/D\u00cdA-MUNDIAL-DEL-AGUA-3-1.png","og_locale":"en_US","og_type":"article","og_title":"D\u00cdA MUNDIAL DEL AGUA (3) - Fundaci\u00f3n Comunitaria de Puerto Rico","og_url":"https:\/\/www.fcpr.org\/wp-content\/uploads\/2018\/03\/D\u00cdA-MUNDIAL-DEL-AGUA-3-1.png","og_site_name":"Fundaci\u00f3n Comunitaria de Puerto Rico","article_publisher":"https:\/\/www.facebook.com\/FundacionComunitaria","og_image":[{"width":1080,"height":1080,"url":"https:\/\/www.fcpr.org\/wp-content\/uploads\/2018\/03\/D\u00cdA-MUNDIAL-DEL-AGUA-3-1.png","type":"image\/png"}],"twitter_card":"summary_large_image","twitter_site":"@FComunitaria","schema":{"@context":"https:\/\/schema.org","@graph":[{"@type":"WebPage","@id":"https:\/\/www.fcpr.org\/wp-content\/uploads\/2018\/03\/D\u00cdA-MUNDIAL-DEL-AGUA-3-1.png","url":"https:\/\/www.fcpr.org\/wp-content\/uploads\/2018\/03\/D\u00cdA-MUNDIAL-DEL-AGUA-3-1.png","name":"D\u00cdA MUNDIAL DEL AGUA (3) - Fundaci\u00f3n Comunitaria de Puerto Rico","isPartOf":{"@id":"https:\/\/www.fcpr.org\/#website"},"datePublished":"2018-03-29T16:01:26+00:00","breadcrumb":{"@id":"https:\/\/www.fcpr.org\/wp-content\/uploads\/2018\/03\/D\u00cdA-MUNDIAL-DEL-AGUA-3-1.png#breadcrumb"},"inLanguage":"en-US","potentialAction":[{"@type":"ReadAction","target":["https:\/\/www.fcpr.org\/wp-content\/uploads\/2018\/03\/D\u00cdA-MUNDIAL-DEL-AGUA-3-1.png"]}]},{"@type":"BreadcrumbList","@id":"https:\/\/www.fcpr.org\/wp-content\/uploads\/2018\/03\/D\u00cdA-MUNDIAL-DEL-AGUA-3-1.png#breadcrumb","itemListElement":[{"@type":"ListItem","position":1,"name":"Home","item":"https:\/\/www.fcpr.org\/"},{"@type":"ListItem","position":2,"name":"CFUnited, All-In: Fundaciones comunitarias reflexionan sobre su respuesta a los desastres de 2017","item":"https:\/\/www.fcpr.org\/cfunited-all-in-fundaciones-comunitarias-reflexionan-sobre-su-respuesta-a-los-desastres-de-2017\/"},{"@type":"ListItem","position":3,"name":"D\u00cdA MUNDIAL DEL AGUA (3)"}]},{"@type":"WebSite","@id":"https:\/\/www.fcpr.org\/#website","url":"https:\/\/www.fcpr.org\/","name":"Puerto Rico Community Foundation","description":"Strengthening Community Capital","publisher":{"@id":"https:\/\/www.fcpr.org\/#organization"},"potentialAction":[{"@type":"SearchAction","target":{"@type":"EntryPoint","urlTemplate":"https:\/\/www.fcpr.org\/?s={search_term_string}"},"query-input":{"@type":"PropertyValueSpecification","valueRequired":true,"valueName":"search_term_string"}}],"inLanguage":"en-US"},{"@type":"Organization","@id":"https:\/\/www.fcpr.org\/#organization","name":"Puerto Rico Community Foundation","url":"https:\/\/www.fcpr.org\/","logo":{"@type":"ImageObject","inLanguage":"en-US","@id":"https:\/\/www.fcpr.org\/#\/schema\/logo\/image\/","url":"https:\/\/www.fcpr.org\/wp-content\/uploads\/2016\/08\/logo-corp-red.png","contentUrl":"https:\/\/www.fcpr.org\/wp-content\/uploads\/2016\/08\/logo-corp-red.png","width":221,"height":32,"caption":"Fundaci\u00f3n Comunitaria de Puerto Rico"},"image":{"@id":"https:\/\/www.fcpr.org\/#\/schema\/logo\/image\/"},"sameAs":["https:\/\/www.facebook.com\/FundacionComunitaria","https:\/\/x.com\/FComunitaria","https:\/\/www.instagram.com\/fundacioncomunitaria\/","https:\/\/www.youtube.com\/channel\/UCGGW21eIGw6NRin0BrylmWg"]}]}},"description":{"rendered":"<p class=\"attachment\"><a href='https:\/\/www.fcpr.org\/wp-content\/uploads\/2018\/03\/D\u00cdA-MUNDIAL-DEL-AGUA-3-1.png'><img loading=\"lazy\" decoding=\"async\" width=\"300\" height=\"300\" src=\"https:\/\/www.fcpr.org\/wp-content\/uploads\/2018\/03\/D\u00cdA-MUNDIAL-DEL-AGUA-3-1-300x300.png\" class=\"attachment-medium size-medium\" alt=\"\" srcset=\"https:\/\/www.fcpr.org\/wp-content\/uploads\/2018\/03\/D\u00cdA-MUNDIAL-DEL-AGUA-3-1-300x300.png 300w, https:\/\/www.fcpr.org\/wp-content\/uploads\/2018\/03\/D\u00cdA-MUNDIAL-DEL-AGUA-3-1-150x150.png 150w, https:\/\/www.fcpr.org\/wp-content\/uploads\/2018\/03\/D\u00cdA-MUNDIAL-DEL-AGUA-3-1-768x768.png 768w, https:\/\/www.fcpr.org\/wp-content\/uploads\/2018\/03\/D\u00cdA-MUNDIAL-DEL-AGUA-3-1-1024x1024.png 1024w, https:\/\/www.fcpr.org\/wp-content\/uploads\/2018\/03\/D\u00cdA-MUNDIAL-DEL-AGUA-3-1.png 1080w\" sizes=\"auto, (max-width: 300px) 100vw, 300px\" \/><\/a><\/p>\n"},"caption":{"rendered":""},"alt_text":"","media_type":"image","mime_type":"image\/png","media_details":{"width":1080,"height":1080,"file":"2018\/03\/D\u00cdA-MUNDIAL-DEL-AGUA-3-1.png","sizes":{"thumbnail":{"file":"D\u00cdA-MUNDIAL-DEL-AGUA-3-1-150x150.png","width":150,"height":150,"mime_type":"image\/png","source_url":"https:\/\/www.fcpr.org\/wp-content\/uploads\/2018\/03\/D\u00cdA-MUNDIAL-DEL-AGUA-3-1-150x150.png"},"medium":{"file":"D\u00cdA-MUNDIAL-DEL-AGUA-3-1-300x300.png","width":300,"height":300,"mime_type":"image\/png","source_url":"https:\/\/www.fcpr.org\/wp-content\/uploads\/2018\/03\/D\u00cdA-MUNDIAL-DEL-AGUA-3-1-300x300.png"},"medium_large":{"file":"D\u00cdA-MUNDIAL-DEL-AGUA-3-1-768x768.png","width":768,"height":768,"mime_type":"image\/png","source_url":"https:\/\/www.fcpr.org\/wp-content\/uploads\/2018\/03\/D\u00cdA-MUNDIAL-DEL-AGUA-3-1-768x768.png"},"large":{"file":"D\u00cdA-MUNDIAL-DEL-AGUA-3-1-1024x1024.png","width":1024,"height":1024,"mime_type":"image\/png","source_url":"https:\/\/www.fcpr.org\/wp-content\/uploads\/2018\/03\/D\u00cdA-MUNDIAL-DEL-AGUA-3-1-1024x1024.png"},"catanis_post_thumbnail_size":{"file":"D\u00cdA-MUNDIAL-DEL-AGUA-3-1-465x280.png","width":465,"height":280,"mime_type":"image\/png","source_url":"https:\/\/www.fcpr.org\/wp-content\/uploads\/2018\/03\/D\u00cdA-MUNDIAL-DEL-AGUA-3-1-465x280.png"},"catanis_portfolio_thumbnail_size":{"file":"D\u00cdA-MUNDIAL-DEL-AGUA-3-1-800x600.png","width":800,"height":600,"mime_type":"image\/png","source_url":"https:\/\/www.fcpr.org\/wp-content\/uploads\/2018\/03\/D\u00cdA-MUNDIAL-DEL-AGUA-3-1-800x600.png"},"full":{"file":"D\u00cdA-MUNDIAL-DEL-AGUA-3-1.png","width":1080,"height":1080,"mime_type":"image\/png","source_url":"https:\/\/www.fcpr.org\/wp-content\/uploads\/2018\/03\/D\u00cdA-MUNDIAL-DEL-AGUA-3-1.png"}},"image_meta":{"aperture":"0","credit":"","camera":"","caption":"","created_timestamp":"0","copyright":"","focal_length":"0","iso":"0","shutter_speed":"0","title":"","orientation":"0","keywords":[]}},"post":3737,"source_url":"https:\/\/www.fcpr.org\/wp-content\/uploads\/2018\/03\/D\u00cdA-MUNDIAL-DEL-AGUA-3-1.png","_links":{"self":[{"href":"https:\/\/www.fcpr.org\/en\/wp-json\/wp\/v2\/media\/3749","targetHints":{"allow":["GET"]}}],"collection":[{"href":"https:\/\/www.fcpr.org\/en\/wp-json\/wp\/v2\/media"}],"about":[{"href":"https:\/\/www.fcpr.org\/en\/wp-json\/wp\/v2\/types\/attachment"}],"author":[{"embeddable":true,"href":"https:\/\/www.fcpr.org\/en\/wp-json\/wp\/v2\/users\/1"}],"wp:attached-to":[{"embeddable":true,"post_type":"post","id":3737,"href":"https:\/\/www.fcpr.org\/en\/wp-json\/wp\/v2\/posts\/3737"}],"curies":[{"name":"wp","href":"https:\/\/api.w.org\/{rel}","templated":true}]}}

https://fcpr.org/wp-content/uploads/2018/03/DÍA-MUNDIAL-DEL-AGUA-3-1.png

DÍA MUNDIAL DEL AGUA (3)

<!-- This site is optimized with the Yoast SEO Premium plugin v27.5 (Yoast SEO v27.5) - https://yoast.com/product/yoast-seo-premium-wordpress/ -->
<title>DÍA MUNDIAL DEL AGUA (3) - Fundación Comunitaria de Puerto Rico</title>
<meta name="robots" content="index, follow, max-snippet:-1, max-image-preview:large, max-video-preview:-1" />
<link rel="canonical" href="https://www.fcpr.org/wp-content/uploads/2018/03/DÍA-MUNDIAL-DEL-AGUA-3-1.png" />
<meta property="og:locale" content="en_US" />
<meta property="og:type" content="article" />
<meta property="og:title" content="DÍA MUNDIAL DEL AGUA (3) - Fundación Comunitaria de Puerto Rico" />
<meta property="og:url" content="https://www.fcpr.org/wp-content/uploads/2018/03/DÍA-MUNDIAL-DEL-AGUA-3-1.png" />
<meta property="og:site_name" content="Fundación Comunitaria de Puerto Rico" />
<meta property="article:publisher" content="https://www.facebook.com/FundacionComunitaria" />
<meta property="og:image" content="https://www.fcpr.org/wp-content/uploads/2018/03/DÍA-MUNDIAL-DEL-AGUA-3-1.png" />
	<meta property="og:image:width" content="1080" />
	<meta property="og:image:height" content="1080" />
	<meta property="og:image:type" content="image/png" />
<meta name="twitter:card" content="summary_large_image" />
<meta name="twitter:site" content="@FComunitaria" />
<script type="application/ld+json" class="yoast-schema-graph">{"@context":"https:\/\/schema.org","@graph":[{"@type":"WebPage","@id":"https:\/\/www.fcpr.org\/wp-content\/uploads\/2018\/03\/DÍA-MUNDIAL-DEL-AGUA-3-1.png","url":"https:\/\/www.fcpr.org\/wp-content\/uploads\/2018\/03\/DÍA-MUNDIAL-DEL-AGUA-3-1.png","name":"DÍA MUNDIAL DEL AGUA (3) - Fundación Comunitaria de Puerto Rico","isPartOf":{"@id":"https:\/\/www.fcpr.org\/#website"},"datePublished":"2018-03-29T16:01:26+00:00","breadcrumb":{"@id":"https:\/\/www.fcpr.org\/wp-content\/uploads\/2018\/03\/DÍA-MUNDIAL-DEL-AGUA-3-1.png#breadcrumb"},"inLanguage":"en-US","potentialAction":[{"@type":"ReadAction","target":["https:\/\/www.fcpr.org\/wp-content\/uploads\/2018\/03\/DÍA-MUNDIAL-DEL-AGUA-3-1.png"]}]},{"@type":"BreadcrumbList","@id":"https:\/\/www.fcpr.org\/wp-content\/uploads\/2018\/03\/DÍA-MUNDIAL-DEL-AGUA-3-1.png#breadcrumb","itemListElement":[{"@type":"ListItem","position":1,"name":"Home","item":"https:\/\/www.fcpr.org\/"},{"@type":"ListItem","position":2,"name":"CFUnited, All-In: Fundaciones comunitarias reflexionan sobre su respuesta a los desastres de 2017","item":"https:\/\/www.fcpr.org\/cfunited-all-in-fundaciones-comunitarias-reflexionan-sobre-su-respuesta-a-los-desastres-de-2017\/"},{"@type":"ListItem","position":3,"name":"DÍA MUNDIAL DEL AGUA (3)"}]},{"@type":"WebSite","@id":"https:\/\/www.fcpr.org\/#website","url":"https:\/\/www.fcpr.org\/","name":"Fundación Comunitaria de Puerto Rico","description":"Fortaleciendo el Capital Comunitario","publisher":{"@id":"https:\/\/www.fcpr.org\/#organization"},"potentialAction":[{"@type":"SearchAction","target":{"@type":"EntryPoint","urlTemplate":"https:\/\/www.fcpr.org\/?s={search_term_string}"},"query-input":{"@type":"PropertyValueSpecification","valueRequired":true,"valueName":"search_term_string"}}],"inLanguage":"en-US"},{"@type":"Organization","@id":"https:\/\/www.fcpr.org\/#organization","name":"Fundación Comunitaria de Puerto Rico","url":"https:\/\/www.fcpr.org\/","logo":{"@type":"ImageObject","inLanguage":"en-US","@id":"https:\/\/www.fcpr.org\/#\/schema\/logo\/image\/","url":"https:\/\/www.fcpr.org\/wp-content\/uploads\/2016\/08\/logo-corp-red.png","contentUrl":"https:\/\/www.fcpr.org\/wp-content\/uploads\/2016\/08\/logo-corp-red.png","width":221,"height":32,"caption":"Fundación Comunitaria de Puerto Rico"},"image":{"@id":"https:\/\/www.fcpr.org\/#\/schema\/logo\/image\/"},"sameAs":["https:\/\/www.facebook.com\/FundacionComunitaria","https:\/\/x.com\/FComunitaria","https:\/\/www.instagram.com\/fundacioncomunitaria\/","https:\/\/www.youtube.com\/channel\/UCGGW21eIGw6NRin0BrylmWg"]}]}</script>
<!-- / Yoast SEO Premium plugin. -->

DÍA MUNDIAL DEL AGUA (3) - Fundación Comunitaria de Puerto Rico

https://www.fcpr.org/wp-content/uploads/2018/03/DÍA-MUNDIAL-DEL-AGUA-3-1.png

Fundación Comunitaria de Puerto Rico

https://www.fcpr.org/wp-content/uploads/2018/03/DÍA-MUNDIAL-DEL-AGUA-3-1.png#breadcrumb

<p class="attachment"><a href='https://www.fcpr.org/wp-content/uploads/2018/03/DÍA-MUNDIAL-DEL-AGUA-3-1.png'><img loading="lazy" decoding="async" width="300" height="300" src="https://www.fcpr.org/wp-content/uploads/2018/03/DÍA-MUNDIAL-DEL-AGUA-3-1-300x300.png" class="attachment-medium size-medium" alt="" srcset="https://www.fcpr.org/wp-content/uploads/2018/03/DÍA-MUNDIAL-DEL-AGUA-3-1-300x300.png 300w, https://www.fcpr.org/wp-content/uploads/2018/03/DÍA-MUNDIAL-DEL-AGUA-3-1-150x150.png 150w, https://www.fcpr.org/wp-content/uploads/2018/03/DÍA-MUNDIAL-DEL-AGUA-3-1-768x768.png 768w, https://www.fcpr.org/wp-content/uploads/2018/03/DÍA-MUNDIAL-DEL-AGUA-3-1-1024x1024.png 1024w, https://www.fcpr.org/wp-content/uploads/2018/03/DÍA-MUNDIAL-DEL-AGUA-3-1.png 1080w" sizes="auto, (max-width: 300px) 100vw, 300px" /></a></p>

2018/03/DÍA-MUNDIAL-DEL-AGUA-3-1.png

DÍA-MUNDIAL-DEL-AGUA-3-1-150x150.png

https://www.fcpr.org/wp-content/uploads/2018/03/DÍA-MUNDIAL-DEL-AGUA-3-1-150x150.png

DÍA-MUNDIAL-DEL-AGUA-3-1-300x300.png

https://www.fcpr.org/wp-content/uploads/2018/03/DÍA-MUNDIAL-DEL-AGUA-3-1-300x300.png

DÍA-MUNDIAL-DEL-AGUA-3-1-768x768.png

https://www.fcpr.org/wp-content/uploads/2018/03/DÍA-MUNDIAL-DEL-AGUA-3-1-768x768.png

DÍA-MUNDIAL-DEL-AGUA-3-1-1024x1024.png

https://www.fcpr.org/wp-content/uploads/2018/03/DÍA-MUNDIAL-DEL-AGUA-3-1-1024x1024.png

DÍA-MUNDIAL-DEL-AGUA-3-1-465x280.png

https://www.fcpr.org/wp-content/uploads/2018/03/DÍA-MUNDIAL-DEL-AGUA-3-1-465x280.png

DÍA-MUNDIAL-DEL-AGUA-3-1-800x600.png

https://www.fcpr.org/wp-content/uploads/2018/03/DÍA-MUNDIAL-DEL-AGUA-3-1-800x600.png

DÍA-MUNDIAL-DEL-AGUA-3-1.png
