{"id":1751,"date":"2016-09-08T16:30:44","date_gmt":"2016-09-08T16:30:44","guid":{"rendered":"https:\/\/fcpr.org\/nuevaweb\/?page_id=1751"},"modified":"2020-08-26T20:37:33","modified_gmt":"2020-08-26T20:37:33","slug":"que-es-una-fundacion","status":"publish","type":"page","link":"https:\/\/www.fcpr.org\/en\/que-es-una-fundacion\/","title":{"rendered":"About"},"content":{"rendered":"<p><img loading=\"lazy\" decoding=\"async\" class=\"wp-image-1715 alignright\" src=\"https:\/\/fcpr.org\/wp-content\/uploads\/2016\/08\/fundacion.jpg\" alt=\"\" width=\"777\" height=\"253\"><\/p>\n<p>La idea de crear una <strong>Puerto Rico Community Foundation <\/strong>se comenz\u00f3 a gestar en un foro patrocinado por la Coalici\u00f3n Nacional Puertorrique\u00f1a (NPRC), una organizaci\u00f3n sin fines de lucro dirigida por puertorrique\u00f1os en Estados Unidos. La idea recibi\u00f3 un gran apoyo de la di\u00e1spora puertorrique\u00f1a y de fundaciones en los Estados Unidos.<\/p>\n<p><strong>Ford Foundation <\/strong>(Susan Berresford), <strong>Carnegie Corporation <\/strong>(Bernard Charles), <strong>Rockefeller Foundation <\/strong>(Bruce Williams), <strong>Charles Stewart Mott<\/strong>, y&nbsp; <strong>MacArthur Foundation<\/strong>&#8211; apoyaron la creaci\u00f3n de una organizaci\u00f3n de ra\u00edz comunitaria que movilizar\u00eda recursos locales e internacionales para canalizarlos a trav\u00e9s de donativos a&nbsp; organizaciones comunitarias y sin fines de lucro.<\/p>\n<p>La FCPR es la primera fundaci\u00f3n de esta naturaleza en Puerto Rico y el Caribe, y hoy d\u00eda la \u00fanica en Puerto Rico. Pertenece a una red de sobre 1,900 que existen alrededor del mundo. Ha otorgado $58 millones en donativos, premios, becas, capacitaci\u00f3n y asistencia t\u00e9cnica en las \u00e1reas de educaci\u00f3n, vivienda, desarrollo econ\u00f3mico y comunidades.<\/p>\n<p>Hoy d\u00eda, la FCPR es asesor filantr\u00f3pico y administrador de fondos de individuos, familias, organizaciones sin fines de lucro y corporaciones en Puerto Rico y a nivel internacional, para estructurar y canalizar donativos, becas, premios y reconocimientos hacia la comunidad. Por otro lado, la Fundaci\u00f3n dise\u00f1a de tiempo en tiempo programas, proyectos e iniciativas conducentes al fortalecimiento del liderazgo comunitario. M\u00e1s recientemente, se ha incursionado en brindar mecanismos de financiamiento y acceso a capital para las organizaciones comunitarias.<\/p>\n<p><strong>Nuestra Misi\u00f3n<\/strong>: Desarrollar las capacidades de las comunidades en Puerto Rico, para que logren&nbsp;su transformaci\u00f3n social y econ\u00f3mica, maximizando la inversi\u00f3n filantr\u00f3pica y el&nbsp;rendimiento de cada contribuci\u00f3n.<br \/>\n<strong>Nuestra Visi\u00f3n<\/strong>: Ser el motor que lidera la transformaci\u00f3n en la comunidad mediante el incremento de&nbsp;los capitales comunitarios.&nbsp;Nuestra obra ser\u00e1 compartida con Estados Unidos, el Caribe y Am\u00e9rica Latina.<\/p>\n<p><a href=\"https:\/\/www.youtube.com\/watch?v=PNqdln6BRYw\" target=\"_blank\" rel=\"noopener noreferrer\">Qu\u00e9 es una fundaci\u00f3n comunitaria?<\/a>&nbsp;o presiona para pdf&nbsp;<a href=\"https:\/\/fcpr.org\/wp-content\/uploads\/2016\/09\/Qu\u00e9-es-una-fundaci\u00f3n.pdf\" target=\"_blank\" rel=\"noopener noreferrer\">Qu\u00e9 es una fundacion<\/a><\/p>\n<p>&nbsp;<\/p>","protected":false},"excerpt":{"rendered":"<p>La idea de crear una Fundaci\u00f3n Comunitaria de Puerto Rico se comenz\u00f3 a gestar en un foro patrocinado por la Coalici\u00f3n Nacional Puertorrique\u00f1a (NPRC), una organizaci\u00f3n sin fines de lucro dirigida por puertorrique\u00f1os en Estados Unidos. La idea recibi\u00f3 un gran apoyo de la di\u00e1spora puertorrique\u00f1a y de fundaciones en los Estados Unidos. Ford Foundation [&hellip;]<\/p>\n","protected":false},"author":1,"featured_media":0,"parent":0,"menu_order":0,"comment_status":"closed","ping_status":"closed","template":"","meta":{"give_campaign_id":0,"footnotes":""},"class_list":["post-1751","page","type-page","status-publish","hentry"],"yoast_head":"<!-- This site is optimized with the Yoast SEO Premium plugin v27.5 (Yoast SEO v27.5) - https:\/\/yoast.com\/product\/yoast-seo-premium-wordpress\/ -->\n<title>About - Fundaci\u00f3n Comunitaria de Puerto Rico<\/title>\n<meta name=\"robots\" content=\"index, follow, max-snippet:-1, max-image-preview:large, max-video-preview:-1\" \/>\n<link rel=\"canonical\" href=\"https:\/\/www.fcpr.org\/en\/que-es-una-fundacion\/\" \/>\n<meta property=\"og:locale\" content=\"en_US\" \/>\n<meta property=\"og:type\" content=\"article\" \/>\n<meta property=\"og:title\" content=\"About\" \/>\n<meta property=\"og:description\" content=\"La idea de crear una Fundaci\u00f3n Comunitaria de Puerto Rico se comenz\u00f3 a gestar en un foro patrocinado por la Coalici\u00f3n Nacional Puertorrique\u00f1a (NPRC), una organizaci\u00f3n sin fines de lucro dirigida por puertorrique\u00f1os en Estados Unidos. La idea recibi\u00f3 un gran apoyo de la di\u00e1spora puertorrique\u00f1a y de fundaciones en los Estados Unidos. Ford Foundation [&hellip;]\" \/>\n<meta property=\"og:url\" content=\"https:\/\/www.fcpr.org\/en\/que-es-una-fundacion\/\" \/>\n<meta property=\"og:site_name\" content=\"Fundaci\u00f3n Comunitaria de Puerto Rico\" \/>\n<meta property=\"article:publisher\" content=\"https:\/\/www.facebook.com\/FundacionComunitaria\" \/>\n<meta property=\"article:modified_time\" content=\"2020-08-26T20:37:33+00:00\" \/>\n<meta property=\"og:image\" content=\"https:\/\/fcpr.org\/wp-content\/uploads\/2016\/08\/fundacion.jpg\" \/>\n<meta name=\"twitter:card\" content=\"summary_large_image\" \/>\n<meta name=\"twitter:site\" content=\"@FComunitaria\" \/>\n<meta name=\"twitter:label1\" content=\"Est. reading time\" \/>\n\t<meta name=\"twitter:data1\" content=\"2 minutes\" \/>\n<script type=\"application\/ld+json\" class=\"yoast-schema-graph\">{\"@context\":\"https:\\\/\\\/schema.org\",\"@graph\":[{\"@type\":\"WebPage\",\"@id\":\"https:\\\/\\\/www.fcpr.org\\\/que-es-una-fundacion\\\/\",\"url\":\"https:\\\/\\\/www.fcpr.org\\\/que-es-una-fundacion\\\/\",\"name\":\"About - Fundaci\u00f3n Comunitaria de Puerto Rico\",\"isPartOf\":{\"@id\":\"https:\\\/\\\/www.fcpr.org\\\/#website\"},\"primaryImageOfPage\":{\"@id\":\"https:\\\/\\\/www.fcpr.org\\\/que-es-una-fundacion\\\/#primaryimage\"},\"image\":{\"@id\":\"https:\\\/\\\/www.fcpr.org\\\/que-es-una-fundacion\\\/#primaryimage\"},\"thumbnailUrl\":\"https:\\\/\\\/fcpr.org\\\/wp-content\\\/uploads\\\/2016\\\/08\\\/fundacion.jpg\",\"datePublished\":\"2016-09-08T16:30:44+00:00\",\"dateModified\":\"2020-08-26T20:37:33+00:00\",\"breadcrumb\":{\"@id\":\"https:\\\/\\\/www.fcpr.org\\\/que-es-una-fundacion\\\/#breadcrumb\"},\"inLanguage\":\"en-US\",\"potentialAction\":[{\"@type\":\"ReadAction\",\"target\":[\"https:\\\/\\\/www.fcpr.org\\\/que-es-una-fundacion\\\/\"]}]},{\"@type\":\"ImageObject\",\"inLanguage\":\"en-US\",\"@id\":\"https:\\\/\\\/www.fcpr.org\\\/que-es-una-fundacion\\\/#primaryimage\",\"url\":\"https:\\\/\\\/fcpr.org\\\/wp-content\\\/uploads\\\/2016\\\/08\\\/fundacion.jpg\",\"contentUrl\":\"https:\\\/\\\/fcpr.org\\\/wp-content\\\/uploads\\\/2016\\\/08\\\/fundacion.jpg\"},{\"@type\":\"BreadcrumbList\",\"@id\":\"https:\\\/\\\/www.fcpr.org\\\/que-es-una-fundacion\\\/#breadcrumb\",\"itemListElement\":[{\"@type\":\"ListItem\",\"position\":1,\"name\":\"Home\",\"item\":\"https:\\\/\\\/www.fcpr.org\\\/\"},{\"@type\":\"ListItem\",\"position\":2,\"name\":\"About\"}]},{\"@type\":\"WebSite\",\"@id\":\"https:\\\/\\\/www.fcpr.org\\\/#website\",\"url\":\"https:\\\/\\\/www.fcpr.org\\\/\",\"name\":\"Fundaci\u00f3n Comunitaria de Puerto Rico\",\"description\":\"Fortaleciendo el Capital Comunitario\",\"publisher\":{\"@id\":\"https:\\\/\\\/www.fcpr.org\\\/#organization\"},\"potentialAction\":[{\"@type\":\"SearchAction\",\"target\":{\"@type\":\"EntryPoint\",\"urlTemplate\":\"https:\\\/\\\/www.fcpr.org\\\/?s={search_term_string}\"},\"query-input\":{\"@type\":\"PropertyValueSpecification\",\"valueRequired\":true,\"valueName\":\"search_term_string\"}}],\"inLanguage\":\"en-US\"},{\"@type\":\"Organization\",\"@id\":\"https:\\\/\\\/www.fcpr.org\\\/#organization\",\"name\":\"Fundaci\u00f3n Comunitaria de Puerto Rico\",\"url\":\"https:\\\/\\\/www.fcpr.org\\\/\",\"logo\":{\"@type\":\"ImageObject\",\"inLanguage\":\"en-US\",\"@id\":\"https:\\\/\\\/www.fcpr.org\\\/#\\\/schema\\\/logo\\\/image\\\/\",\"url\":\"https:\\\/\\\/www.fcpr.org\\\/wp-content\\\/uploads\\\/2016\\\/08\\\/logo-corp-red.png\",\"contentUrl\":\"https:\\\/\\\/www.fcpr.org\\\/wp-content\\\/uploads\\\/2016\\\/08\\\/logo-corp-red.png\",\"width\":221,\"height\":32,\"caption\":\"Fundaci\u00f3n Comunitaria de Puerto Rico\"},\"image\":{\"@id\":\"https:\\\/\\\/www.fcpr.org\\\/#\\\/schema\\\/logo\\\/image\\\/\"},\"sameAs\":[\"https:\\\/\\\/www.facebook.com\\\/FundacionComunitaria\",\"https:\\\/\\\/x.com\\\/FComunitaria\",\"https:\\\/\\\/www.instagram.com\\\/fundacioncomunitaria\\\/\",\"https:\\\/\\\/www.youtube.com\\\/channel\\\/UCGGW21eIGw6NRin0BrylmWg\"]}]}<\/script>\n<!-- \/ Yoast SEO Premium plugin. -->","yoast_head_json":{"title":"About - Fundaci\u00f3n Comunitaria de Puerto Rico","robots":{"index":"index","follow":"follow","max-snippet":"max-snippet:-1","max-image-preview":"max-image-preview:large","max-video-preview":"max-video-preview:-1"},"canonical":"https:\/\/www.fcpr.org\/en\/que-es-una-fundacion\/","og_locale":"en_US","og_type":"article","og_title":"About","og_description":"La idea de crear una Fundaci\u00f3n Comunitaria de Puerto Rico se comenz\u00f3 a gestar en un foro patrocinado por la Coalici\u00f3n Nacional Puertorrique\u00f1a (NPRC), una organizaci\u00f3n sin fines de lucro dirigida por puertorrique\u00f1os en Estados Unidos. La idea recibi\u00f3 un gran apoyo de la di\u00e1spora puertorrique\u00f1a y de fundaciones en los Estados Unidos. Ford Foundation [&hellip;]","og_url":"https:\/\/www.fcpr.org\/en\/que-es-una-fundacion\/","og_site_name":"Fundaci\u00f3n Comunitaria de Puerto Rico","article_publisher":"https:\/\/www.facebook.com\/FundacionComunitaria","article_modified_time":"2020-08-26T20:37:33+00:00","og_image":[{"url":"https:\/\/fcpr.org\/wp-content\/uploads\/2016\/08\/fundacion.jpg","type":"","width":"","height":""}],"twitter_card":"summary_large_image","twitter_site":"@FComunitaria","twitter_misc":{"Est. reading time":"2 minutes"},"schema":{"@context":"https:\/\/schema.org","@graph":[{"@type":"WebPage","@id":"https:\/\/www.fcpr.org\/que-es-una-fundacion\/","url":"https:\/\/www.fcpr.org\/que-es-una-fundacion\/","name":"About - Fundaci\u00f3n Comunitaria de Puerto Rico","isPartOf":{"@id":"https:\/\/www.fcpr.org\/#website"},"primaryImageOfPage":{"@id":"https:\/\/www.fcpr.org\/que-es-una-fundacion\/#primaryimage"},"image":{"@id":"https:\/\/www.fcpr.org\/que-es-una-fundacion\/#primaryimage"},"thumbnailUrl":"https:\/\/fcpr.org\/wp-content\/uploads\/2016\/08\/fundacion.jpg","datePublished":"2016-09-08T16:30:44+00:00","dateModified":"2020-08-26T20:37:33+00:00","breadcrumb":{"@id":"https:\/\/www.fcpr.org\/que-es-una-fundacion\/#breadcrumb"},"inLanguage":"en-US","potentialAction":[{"@type":"ReadAction","target":["https:\/\/www.fcpr.org\/que-es-una-fundacion\/"]}]},{"@type":"ImageObject","inLanguage":"en-US","@id":"https:\/\/www.fcpr.org\/que-es-una-fundacion\/#primaryimage","url":"https:\/\/fcpr.org\/wp-content\/uploads\/2016\/08\/fundacion.jpg","contentUrl":"https:\/\/fcpr.org\/wp-content\/uploads\/2016\/08\/fundacion.jpg"},{"@type":"BreadcrumbList","@id":"https:\/\/www.fcpr.org\/que-es-una-fundacion\/#breadcrumb","itemListElement":[{"@type":"ListItem","position":1,"name":"Home","item":"https:\/\/www.fcpr.org\/"},{"@type":"ListItem","position":2,"name":"About"}]},{"@type":"WebSite","@id":"https:\/\/www.fcpr.org\/#website","url":"https:\/\/www.fcpr.org\/","name":"Puerto Rico Community Foundation","description":"Strengthening Community Capital","publisher":{"@id":"https:\/\/www.fcpr.org\/#organization"},"potentialAction":[{"@type":"SearchAction","target":{"@type":"EntryPoint","urlTemplate":"https:\/\/www.fcpr.org\/?s={search_term_string}"},"query-input":{"@type":"PropertyValueSpecification","valueRequired":true,"valueName":"search_term_string"}}],"inLanguage":"en-US"},{"@type":"Organization","@id":"https:\/\/www.fcpr.org\/#organization","name":"Puerto Rico Community Foundation","url":"https:\/\/www.fcpr.org\/","logo":{"@type":"ImageObject","inLanguage":"en-US","@id":"https:\/\/www.fcpr.org\/#\/schema\/logo\/image\/","url":"https:\/\/www.fcpr.org\/wp-content\/uploads\/2016\/08\/logo-corp-red.png","contentUrl":"https:\/\/www.fcpr.org\/wp-content\/uploads\/2016\/08\/logo-corp-red.png","width":221,"height":32,"caption":"Fundaci\u00f3n Comunitaria de Puerto Rico"},"image":{"@id":"https:\/\/www.fcpr.org\/#\/schema\/logo\/image\/"},"sameAs":["https:\/\/www.facebook.com\/FundacionComunitaria","https:\/\/x.com\/FComunitaria","https:\/\/www.instagram.com\/fundacioncomunitaria\/","https:\/\/www.youtube.com\/channel\/UCGGW21eIGw6NRin0BrylmWg"]}]}},"campaignId":"","_links":{"self":[{"href":"https:\/\/www.fcpr.org\/en\/wp-json\/wp\/v2\/pages\/1751","targetHints":{"allow":["GET"]}}],"collection":[{"href":"https:\/\/www.fcpr.org\/en\/wp-json\/wp\/v2\/pages"}],"about":[{"href":"https:\/\/www.fcpr.org\/en\/wp-json\/wp\/v2\/types\/page"}],"author":[{"embeddable":true,"href":"https:\/\/www.fcpr.org\/en\/wp-json\/wp\/v2\/users\/1"}],"replies":[{"embeddable":true,"href":"https:\/\/www.fcpr.org\/en\/wp-json\/wp\/v2\/comments?post=1751"}],"version-history":[{"count":31,"href":"https:\/\/www.fcpr.org\/en\/wp-json\/wp\/v2\/pages\/1751\/revisions"}],"predecessor-version":[{"id":8868,"href":"https:\/\/www.fcpr.org\/en\/wp-json\/wp\/v2\/pages\/1751\/revisions\/8868"}],"wp:attachment":[{"href":"https:\/\/www.fcpr.org\/en\/wp-json\/wp\/v2\/media?parent=1751"}],"curies":[{"name":"wp","href":"https:\/\/api.w.org\/{rel}","templated":true}]}}

<p><img loading="lazy" decoding="async" class="wp-image-1715 alignright" src="https://fcpr.org/wp-content/uploads/2016/08/fundacion.jpg" alt="" width="777" height="253"></p>
<p>La idea de crear una <strong>Puerto Rico Community Foundation </strong>se comenzó a gestar en un foro patrocinado por la Coalición Nacional Puertorriqueña (NPRC), una organización sin fines de lucro dirigida por puertorriqueños en Estados Unidos. La idea recibió un gran apoyo de la diáspora puertorriqueña y de fundaciones en los Estados Unidos.</p>
<p><strong>Ford Foundation </strong>(Susan Berresford), <strong>Carnegie Corporation </strong>(Bernard Charles), <strong>Rockefeller Foundation </strong>(Bruce Williams), <strong>Charles Stewart Mott</strong>, y&nbsp; <strong>MacArthur Foundation</strong>&#8211; apoyaron la creación de una organización de raíz comunitaria que movilizaría recursos locales e internacionales para canalizarlos a través de donativos a&nbsp; organizaciones comunitarias y sin fines de lucro.</p>
<p>La FCPR es la primera fundación de esta naturaleza en Puerto Rico y el Caribe, y hoy día la única en Puerto Rico. Pertenece a una red de sobre 1,900 que existen alrededor del mundo. Ha otorgado $58 millones en donativos, premios, becas, capacitación y asistencia técnica en las áreas de educación, vivienda, desarrollo económico y comunidades.</p>
<p>Hoy día, la FCPR es asesor filantrópico y administrador de fondos de individuos, familias, organizaciones sin fines de lucro y corporaciones en Puerto Rico y a nivel internacional, para estructurar y canalizar donativos, becas, premios y reconocimientos hacia la comunidad. Por otro lado, la Fundación diseña de tiempo en tiempo programas, proyectos e iniciativas conducentes al fortalecimiento del liderazgo comunitario. Más recientemente, se ha incursionado en brindar mecanismos de financiamiento y acceso a capital para las organizaciones comunitarias.</p>
<p><strong>Nuestra Misión</strong>: Desarrollar las capacidades de las comunidades en Puerto Rico, para que logren&nbsp;su transformación social y económica, maximizando la inversión filantrópica y el&nbsp;rendimiento de cada contribución.<br />
<strong>Nuestra Visión</strong>: Ser el motor que lidera la transformación en la comunidad mediante el incremento de&nbsp;los capitales comunitarios.&nbsp;Nuestra obra será compartida con Estados Unidos, el Caribe y América Latina.</p>
<p><a href="https://www.youtube.com/watch?v=PNqdln6BRYw" target="_blank" rel="noopener noreferrer">Qué es una fundación comunitaria?</a>&nbsp;o presiona para pdf&nbsp;<a href="https://fcpr.org/wp-content/uploads/2016/09/Qué-es-una-fundación.pdf" target="_blank" rel="noopener noreferrer">Qué es una fundacion</a></p>
<p>&nbsp;</p>

<p>La idea de crear una Fundación Comunitaria de Puerto Rico se comenzó a gestar en un foro patrocinado por la Coalición Nacional Puertorriqueña (NPRC), una organización sin fines de lucro dirigida por puertorriqueños en Estados Unidos. La idea recibió un gran apoyo de la diáspora puertorriqueña y de fundaciones en los Estados Unidos. Ford Foundation [&hellip;]</p>

<!-- This site is optimized with the Yoast SEO Premium plugin v27.5 (Yoast SEO v27.5) - https://yoast.com/product/yoast-seo-premium-wordpress/ -->
<title>About - Fundación Comunitaria de Puerto Rico</title>
<meta name="robots" content="index, follow, max-snippet:-1, max-image-preview:large, max-video-preview:-1" />
<link rel="canonical" href="https://www.fcpr.org/en/que-es-una-fundacion/" />
<meta property="og:locale" content="en_US" />
<meta property="og:type" content="article" />
<meta property="og:title" content="About" />
<meta property="og:description" content="La idea de crear una Fundación Comunitaria de Puerto Rico se comenzó a gestar en un foro patrocinado por la Coalición Nacional Puertorriqueña (NPRC), una organización sin fines de lucro dirigida por puertorriqueños en Estados Unidos. La idea recibió un gran apoyo de la diáspora puertorriqueña y de fundaciones en los Estados Unidos. Ford Foundation [&hellip;]" />
<meta property="og:url" content="https://www.fcpr.org/en/que-es-una-fundacion/" />
<meta property="og:site_name" content="Fundación Comunitaria de Puerto Rico" />
<meta property="article:publisher" content="https://www.facebook.com/FundacionComunitaria" />
<meta property="article:modified_time" content="2020-08-26T20:37:33+00:00" />
<meta property="og:image" content="https://fcpr.org/wp-content/uploads/2016/08/fundacion.jpg" />
<meta name="twitter:card" content="summary_large_image" />
<meta name="twitter:site" content="@FComunitaria" />
<meta name="twitter:label1" content="Est. reading time" />
	<meta name="twitter:data1" content="2 minutes" />
<script type="application/ld+json" class="yoast-schema-graph">{"@context":"https:\/\/schema.org","@graph":[{"@type":"WebPage","@id":"https:\/\/www.fcpr.org\/que-es-una-fundacion\/","url":"https:\/\/www.fcpr.org\/que-es-una-fundacion\/","name":"About - Fundación Comunitaria de Puerto Rico","isPartOf":{"@id":"https:\/\/www.fcpr.org\/#website"},"primaryImageOfPage":{"@id":"https:\/\/www.fcpr.org\/que-es-una-fundacion\/#primaryimage"},"image":{"@id":"https:\/\/www.fcpr.org\/que-es-una-fundacion\/#primaryimage"},"thumbnailUrl":"https:\/\/fcpr.org\/wp-content\/uploads\/2016\/08\/fundacion.jpg","datePublished":"2016-09-08T16:30:44+00:00","dateModified":"2020-08-26T20:37:33+00:00","breadcrumb":{"@id":"https:\/\/www.fcpr.org\/que-es-una-fundacion\/#breadcrumb"},"inLanguage":"en-US","potentialAction":[{"@type":"ReadAction","target":["https:\/\/www.fcpr.org\/que-es-una-fundacion\/"]}]},{"@type":"ImageObject","inLanguage":"en-US","@id":"https:\/\/www.fcpr.org\/que-es-una-fundacion\/#primaryimage","url":"https:\/\/fcpr.org\/wp-content\/uploads\/2016\/08\/fundacion.jpg","contentUrl":"https:\/\/fcpr.org\/wp-content\/uploads\/2016\/08\/fundacion.jpg"},{"@type":"BreadcrumbList","@id":"https:\/\/www.fcpr.org\/que-es-una-fundacion\/#breadcrumb","itemListElement":[{"@type":"ListItem","position":1,"name":"Home","item":"https:\/\/www.fcpr.org\/"},{"@type":"ListItem","position":2,"name":"About"}]},{"@type":"WebSite","@id":"https:\/\/www.fcpr.org\/#website","url":"https:\/\/www.fcpr.org\/","name":"Fundación Comunitaria de Puerto Rico","description":"Fortaleciendo el Capital Comunitario","publisher":{"@id":"https:\/\/www.fcpr.org\/#organization"},"potentialAction":[{"@type":"SearchAction","target":{"@type":"EntryPoint","urlTemplate":"https:\/\/www.fcpr.org\/?s={search_term_string}"},"query-input":{"@type":"PropertyValueSpecification","valueRequired":true,"valueName":"search_term_string"}}],"inLanguage":"en-US"},{"@type":"Organization","@id":"https:\/\/www.fcpr.org\/#organization","name":"Fundación Comunitaria de Puerto Rico","url":"https:\/\/www.fcpr.org\/","logo":{"@type":"ImageObject","inLanguage":"en-US","@id":"https:\/\/www.fcpr.org\/#\/schema\/logo\/image\/","url":"https:\/\/www.fcpr.org\/wp-content\/uploads\/2016\/08\/logo-corp-red.png","contentUrl":"https:\/\/www.fcpr.org\/wp-content\/uploads\/2016\/08\/logo-corp-red.png","width":221,"height":32,"caption":"Fundación Comunitaria de Puerto Rico"},"image":{"@id":"https:\/\/www.fcpr.org\/#\/schema\/logo\/image\/"},"sameAs":["https:\/\/www.facebook.com\/FundacionComunitaria","https:\/\/x.com\/FComunitaria","https:\/\/www.instagram.com\/fundacioncomunitaria\/","https:\/\/www.youtube.com\/channel\/UCGGW21eIGw6NRin0BrylmWg"]}]}</script>
<!-- / Yoast SEO Premium plugin. -->

About - Fundación Comunitaria de Puerto Rico

La idea de crear una Fundación Comunitaria de Puerto Rico se comenzó a gestar en un foro patrocinado por la Coalición Nacional Puertorriqueña (NPRC), una organización sin fines de lucro dirigida por puertorriqueños en Estados Unidos. La idea recibió un gran apoyo de la diáspora puertorriqueña y de fundaciones en los Estados Unidos. Ford Foundation [&hellip;]

Fundación Comunitaria de Puerto Rico
