{"id":2894,"date":"2017-10-24T00:57:24","date_gmt":"2017-10-24T00:57:24","guid":{"rendered":"https:\/\/fcpr.org\/?page_id=2894"},"modified":"2017-10-24T00:58:37","modified_gmt":"2017-10-24T00:58:37","slug":"caras-de-las-americas-takes-care-children-supporting-parents-catano","status":"publish","type":"page","link":"https:\/\/www.fcpr.org\/en\/caras-de-las-americas-takes-care-children-supporting-parents-catano\/","title":{"rendered":"Faces of the Americas cares for children while supporting parents in Cata\u00f1o"},"content":{"rendered":"<h2 class=\"p1\">Faces of the Americas cares for children while supporting parents in Cata\u00f1o<\/h2>\n<p class=\"p3\"><b>Faces of the Americas<\/b> has a longstanding relationship with the Cata\u00f1o Community, providing an after-school program for children and teens. The program aims to contribute to the well-being of one of the poorest municipalities on the island. Caras is back on its feet to provide parents with a reliable place to leave their children while they return to their jobs or seek new ones.<\/p>\n<p class=\"p3\">With a grant from the Puerto Rico Community Foundation, Caras will be able to acquire educational materials to continue serving children in the communities of Vietnam, Sabana Amelia, Juana Matos, and Puente Blanco, all in Cata\u00f1o.<\/p>\n<p class=\"p3\">If you want to learn more about <b>Faces of the Americas<\/b> or collaborate with them, please access: <span class=\"s1\">http:\/\/www.carasamericas.org\/<\/span><\/p>\n<p class=\"p3\">If you want to continue to support communities throughout the island, please make your contribution to the <b>Puerto Rico Community Recovery Fund<\/b> by accessing: <span class=\"s1\">www.fcpr.org<\/span> or calling 787.721.1037.<\/p>\n<p class=\"p3\">Helping community first responders.<\/p>\n<p class=\"p3\"><b><a href=\"https:\/\/fcpr.org\/wp-content\/uploads\/2017\/10\/Caras-de-las-ame\u0301ricas.jpg\"><img loading=\"lazy\" decoding=\"async\" class=\"alignnone size-medium wp-image-2896\" src=\"https:\/\/fcpr.org\/wp-content\/uploads\/2017\/10\/Caras-de-las-ame\u0301ricas-300x225.jpg\" alt=\"\" width=\"300\" height=\"225\" srcset=\"https:\/\/www.fcpr.org\/wp-content\/uploads\/2017\/10\/Caras-de-las-ame\u0301ricas-300x225.jpg 300w, https:\/\/www.fcpr.org\/wp-content\/uploads\/2017\/10\/Caras-de-las-ame\u0301ricas-768x576.jpg 768w, https:\/\/www.fcpr.org\/wp-content\/uploads\/2017\/10\/Caras-de-las-ame\u0301ricas-1024x768.jpg 1024w, https:\/\/www.fcpr.org\/wp-content\/uploads\/2017\/10\/Caras-de-las-ame\u0301ricas-800x600.jpg 800w, https:\/\/www.fcpr.org\/wp-content\/uploads\/2017\/10\/Caras-de-las-ame\u0301ricas.jpg 1600w\" sizes=\"auto, (max-width: 300px) 100vw, 300px\" \/><\/a><\/b><\/p>\n<p class=\"p3\"><b>Photo Caption: Dr. Nelson Col\u00f3n Tarrats, Executive President of PRCF and Michael Fern\u00e1ndez, executive director of Caras de Las Am\u00e9ricas.<\/b><\/p>","protected":false},"excerpt":{"rendered":"<p>Caras de Las Am\u00e9ricas takes care of children while supporting parents in Cata\u00f1o Caras de Las Am\u00e9ricas has a longstanding relationship with the Cata\u00f1o Community providing an after-school program for children and teens, aspiring to contribute to the well-being of one of the poorest municipalities in the Island. Caras is back on its feet to [&hellip;]<\/p>\n","protected":false},"author":1,"featured_media":0,"parent":0,"menu_order":0,"comment_status":"closed","ping_status":"closed","template":"","meta":{"give_campaign_id":0,"footnotes":""},"class_list":["post-2894","page","type-page","status-publish","hentry"],"yoast_head":"<!-- This site is optimized with the Yoast SEO Premium plugin v27.5 (Yoast SEO v27.5) - https:\/\/yoast.com\/product\/yoast-seo-premium-wordpress\/ -->\n<title>Caras de Las Am\u00e9ricas takes care of children while supporting parents in Cata\u00f1o - Fundaci\u00f3n Comunitaria de Puerto Rico<\/title>\n<meta name=\"robots\" content=\"index, follow, max-snippet:-1, max-image-preview:large, max-video-preview:-1\" \/>\n<link rel=\"canonical\" href=\"https:\/\/www.fcpr.org\/en\/caras-de-las-americas-takes-care-children-supporting-parents-catano\/\" \/>\n<meta property=\"og:locale\" content=\"en_US\" \/>\n<meta property=\"og:type\" content=\"article\" \/>\n<meta property=\"og:title\" content=\"Caras de Las Am\u00e9ricas takes care of children while supporting parents in Cata\u00f1o\" \/>\n<meta property=\"og:description\" content=\"Caras de Las Am\u00e9ricas takes care of children while supporting parents in Cata\u00f1o Caras de Las Am\u00e9ricas has a longstanding relationship with the Cata\u00f1o Community providing an after-school program for children and teens, aspiring to contribute to the well-being of one of the poorest municipalities in the Island. Caras is back on its feet to [&hellip;]\" \/>\n<meta property=\"og:url\" content=\"https:\/\/www.fcpr.org\/en\/caras-de-las-americas-takes-care-children-supporting-parents-catano\/\" \/>\n<meta property=\"og:site_name\" content=\"Fundaci\u00f3n Comunitaria de Puerto Rico\" \/>\n<meta property=\"article:publisher\" content=\"https:\/\/www.facebook.com\/FundacionComunitaria\" \/>\n<meta property=\"article:modified_time\" content=\"2017-10-24T00:58:37+00:00\" \/>\n<meta name=\"twitter:card\" content=\"summary_large_image\" \/>\n<meta name=\"twitter:site\" content=\"@FComunitaria\" \/>\n<meta name=\"twitter:label1\" content=\"Est. reading time\" \/>\n\t<meta name=\"twitter:data1\" content=\"1 minute\" \/>\n<script type=\"application\/ld+json\" class=\"yoast-schema-graph\">{\"@context\":\"https:\\\/\\\/schema.org\",\"@graph\":[{\"@type\":\"WebPage\",\"@id\":\"https:\\\/\\\/www.fcpr.org\\\/caras-de-las-americas-takes-care-children-supporting-parents-catano\\\/\",\"url\":\"https:\\\/\\\/www.fcpr.org\\\/caras-de-las-americas-takes-care-children-supporting-parents-catano\\\/\",\"name\":\"Caras de Las Am\u00e9ricas takes care of children while supporting parents in Cata\u00f1o - Fundaci\u00f3n Comunitaria de Puerto Rico\",\"isPartOf\":{\"@id\":\"https:\\\/\\\/www.fcpr.org\\\/#website\"},\"datePublished\":\"2017-10-24T00:57:24+00:00\",\"dateModified\":\"2017-10-24T00:58:37+00:00\",\"breadcrumb\":{\"@id\":\"https:\\\/\\\/www.fcpr.org\\\/caras-de-las-americas-takes-care-children-supporting-parents-catano\\\/#breadcrumb\"},\"inLanguage\":\"en-US\",\"potentialAction\":[{\"@type\":\"ReadAction\",\"target\":[\"https:\\\/\\\/www.fcpr.org\\\/caras-de-las-americas-takes-care-children-supporting-parents-catano\\\/\"]}]},{\"@type\":\"BreadcrumbList\",\"@id\":\"https:\\\/\\\/www.fcpr.org\\\/caras-de-las-americas-takes-care-children-supporting-parents-catano\\\/#breadcrumb\",\"itemListElement\":[{\"@type\":\"ListItem\",\"position\":1,\"name\":\"Home\",\"item\":\"https:\\\/\\\/www.fcpr.org\\\/\"},{\"@type\":\"ListItem\",\"position\":2,\"name\":\"Caras de Las Am\u00e9ricas takes care of children while supporting parents in Cata\u00f1o\"}]},{\"@type\":\"WebSite\",\"@id\":\"https:\\\/\\\/www.fcpr.org\\\/#website\",\"url\":\"https:\\\/\\\/www.fcpr.org\\\/\",\"name\":\"Fundaci\u00f3n Comunitaria de Puerto Rico\",\"description\":\"Fortaleciendo el Capital Comunitario\",\"publisher\":{\"@id\":\"https:\\\/\\\/www.fcpr.org\\\/#organization\"},\"potentialAction\":[{\"@type\":\"SearchAction\",\"target\":{\"@type\":\"EntryPoint\",\"urlTemplate\":\"https:\\\/\\\/www.fcpr.org\\\/?s={search_term_string}\"},\"query-input\":{\"@type\":\"PropertyValueSpecification\",\"valueRequired\":true,\"valueName\":\"search_term_string\"}}],\"inLanguage\":\"en-US\"},{\"@type\":\"Organization\",\"@id\":\"https:\\\/\\\/www.fcpr.org\\\/#organization\",\"name\":\"Fundaci\u00f3n Comunitaria de Puerto Rico\",\"url\":\"https:\\\/\\\/www.fcpr.org\\\/\",\"logo\":{\"@type\":\"ImageObject\",\"inLanguage\":\"en-US\",\"@id\":\"https:\\\/\\\/www.fcpr.org\\\/#\\\/schema\\\/logo\\\/image\\\/\",\"url\":\"https:\\\/\\\/www.fcpr.org\\\/wp-content\\\/uploads\\\/2016\\\/08\\\/logo-corp-red.png\",\"contentUrl\":\"https:\\\/\\\/www.fcpr.org\\\/wp-content\\\/uploads\\\/2016\\\/08\\\/logo-corp-red.png\",\"width\":221,\"height\":32,\"caption\":\"Fundaci\u00f3n Comunitaria de Puerto Rico\"},\"image\":{\"@id\":\"https:\\\/\\\/www.fcpr.org\\\/#\\\/schema\\\/logo\\\/image\\\/\"},\"sameAs\":[\"https:\\\/\\\/www.facebook.com\\\/FundacionComunitaria\",\"https:\\\/\\\/x.com\\\/FComunitaria\",\"https:\\\/\\\/www.instagram.com\\\/fundacioncomunitaria\\\/\",\"https:\\\/\\\/www.youtube.com\\\/channel\\\/UCGGW21eIGw6NRin0BrylmWg\"]}]}<\/script>\n<!-- \/ Yoast SEO Premium plugin. -->","yoast_head_json":{"title":"Caras de Las Am\u00e9ricas takes care of children while supporting parents in Cata\u00f1o - Fundaci\u00f3n Comunitaria de Puerto Rico","robots":{"index":"index","follow":"follow","max-snippet":"max-snippet:-1","max-image-preview":"max-image-preview:large","max-video-preview":"max-video-preview:-1"},"canonical":"https:\/\/www.fcpr.org\/en\/caras-de-las-americas-takes-care-children-supporting-parents-catano\/","og_locale":"en_US","og_type":"article","og_title":"Caras de Las Am\u00e9ricas takes care of children while supporting parents in Cata\u00f1o","og_description":"Caras de Las Am\u00e9ricas takes care of children while supporting parents in Cata\u00f1o Caras de Las Am\u00e9ricas has a longstanding relationship with the Cata\u00f1o Community providing an after-school program for children and teens, aspiring to contribute to the well-being of one of the poorest municipalities in the Island. Caras is back on its feet to [&hellip;]","og_url":"https:\/\/www.fcpr.org\/en\/caras-de-las-americas-takes-care-children-supporting-parents-catano\/","og_site_name":"Fundaci\u00f3n Comunitaria de Puerto Rico","article_publisher":"https:\/\/www.facebook.com\/FundacionComunitaria","article_modified_time":"2017-10-24T00:58:37+00:00","twitter_card":"summary_large_image","twitter_site":"@FComunitaria","twitter_misc":{"Est. reading time":"1 minute"},"schema":{"@context":"https:\/\/schema.org","@graph":[{"@type":"WebPage","@id":"https:\/\/www.fcpr.org\/caras-de-las-americas-takes-care-children-supporting-parents-catano\/","url":"https:\/\/www.fcpr.org\/caras-de-las-americas-takes-care-children-supporting-parents-catano\/","name":"Caras de Las Am\u00e9ricas takes care of children while supporting parents in Cata\u00f1o - Fundaci\u00f3n Comunitaria de Puerto Rico","isPartOf":{"@id":"https:\/\/www.fcpr.org\/#website"},"datePublished":"2017-10-24T00:57:24+00:00","dateModified":"2017-10-24T00:58:37+00:00","breadcrumb":{"@id":"https:\/\/www.fcpr.org\/caras-de-las-americas-takes-care-children-supporting-parents-catano\/#breadcrumb"},"inLanguage":"en-US","potentialAction":[{"@type":"ReadAction","target":["https:\/\/www.fcpr.org\/caras-de-las-americas-takes-care-children-supporting-parents-catano\/"]}]},{"@type":"BreadcrumbList","@id":"https:\/\/www.fcpr.org\/caras-de-las-americas-takes-care-children-supporting-parents-catano\/#breadcrumb","itemListElement":[{"@type":"ListItem","position":1,"name":"Home","item":"https:\/\/www.fcpr.org\/"},{"@type":"ListItem","position":2,"name":"Caras de Las Am\u00e9ricas takes care of children while supporting parents in Cata\u00f1o"}]},{"@type":"WebSite","@id":"https:\/\/www.fcpr.org\/#website","url":"https:\/\/www.fcpr.org\/","name":"Puerto Rico Community Foundation","description":"Strengthening Community Capital","publisher":{"@id":"https:\/\/www.fcpr.org\/#organization"},"potentialAction":[{"@type":"SearchAction","target":{"@type":"EntryPoint","urlTemplate":"https:\/\/www.fcpr.org\/?s={search_term_string}"},"query-input":{"@type":"PropertyValueSpecification","valueRequired":true,"valueName":"search_term_string"}}],"inLanguage":"en-US"},{"@type":"Organization","@id":"https:\/\/www.fcpr.org\/#organization","name":"Puerto Rico Community Foundation","url":"https:\/\/www.fcpr.org\/","logo":{"@type":"ImageObject","inLanguage":"en-US","@id":"https:\/\/www.fcpr.org\/#\/schema\/logo\/image\/","url":"https:\/\/www.fcpr.org\/wp-content\/uploads\/2016\/08\/logo-corp-red.png","contentUrl":"https:\/\/www.fcpr.org\/wp-content\/uploads\/2016\/08\/logo-corp-red.png","width":221,"height":32,"caption":"Fundaci\u00f3n Comunitaria de Puerto Rico"},"image":{"@id":"https:\/\/www.fcpr.org\/#\/schema\/logo\/image\/"},"sameAs":["https:\/\/www.facebook.com\/FundacionComunitaria","https:\/\/x.com\/FComunitaria","https:\/\/www.instagram.com\/fundacioncomunitaria\/","https:\/\/www.youtube.com\/channel\/UCGGW21eIGw6NRin0BrylmWg"]}]}},"campaignId":"","_links":{"self":[{"href":"https:\/\/www.fcpr.org\/en\/wp-json\/wp\/v2\/pages\/2894","targetHints":{"allow":["GET"]}}],"collection":[{"href":"https:\/\/www.fcpr.org\/en\/wp-json\/wp\/v2\/pages"}],"about":[{"href":"https:\/\/www.fcpr.org\/en\/wp-json\/wp\/v2\/types\/page"}],"author":[{"embeddable":true,"href":"https:\/\/www.fcpr.org\/en\/wp-json\/wp\/v2\/users\/1"}],"replies":[{"embeddable":true,"href":"https:\/\/www.fcpr.org\/en\/wp-json\/wp\/v2\/comments?post=2894"}],"version-history":[{"count":3,"href":"https:\/\/www.fcpr.org\/en\/wp-json\/wp\/v2\/pages\/2894\/revisions"}],"predecessor-version":[{"id":2898,"href":"https:\/\/www.fcpr.org\/en\/wp-json\/wp\/v2\/pages\/2894\/revisions\/2898"}],"wp:attachment":[{"href":"https:\/\/www.fcpr.org\/en\/wp-json\/wp\/v2\/media?parent=2894"}],"curies":[{"name":"wp","href":"https:\/\/api.w.org\/{rel}","templated":true}]}}

Faces of the Americas cares for children while supporting parents in Cataño

<h2 class="p1">Faces of the Americas cares for children while supporting parents in Cataño</h2>
<p class="p3"><b>Faces of the Americas</b> has a longstanding relationship with the Cataño Community, providing an after-school program for children and teens. The program aims to contribute to the well-being of one of the poorest municipalities on the island. Caras is back on its feet to provide parents with a reliable place to leave their children while they return to their jobs or seek new ones.</p>
<p class="p3">With a grant from the Puerto Rico Community Foundation, Caras will be able to acquire educational materials to continue serving children in the communities of Vietnam, Sabana Amelia, Juana Matos, and Puente Blanco, all in Cataño.</p>
<p class="p3">If you want to learn more about <b>Faces of the Americas</b> or collaborate with them, please access: <span class="s1">http://www.carasamericas.org/</span></p>
<p class="p3">If you want to continue to support communities throughout the island, please make your contribution to the <b>Puerto Rico Community Recovery Fund</b> by accessing: <span class="s1">www.fcpr.org</span> or calling 787.721.1037.</p>
<p class="p3">Helping community first responders.</p>
<p class="p3"><b><a href="https://fcpr.org/wp-content/uploads/2017/10/Caras-de-las-américas.jpg"><img loading="lazy" decoding="async" class="alignnone size-medium wp-image-2896" src="https://fcpr.org/wp-content/uploads/2017/10/Caras-de-las-américas-300x225.jpg" alt="" width="300" height="225" srcset="https://www.fcpr.org/wp-content/uploads/2017/10/Caras-de-las-américas-300x225.jpg 300w, https://www.fcpr.org/wp-content/uploads/2017/10/Caras-de-las-américas-768x576.jpg 768w, https://www.fcpr.org/wp-content/uploads/2017/10/Caras-de-las-américas-1024x768.jpg 1024w, https://www.fcpr.org/wp-content/uploads/2017/10/Caras-de-las-américas-800x600.jpg 800w, https://www.fcpr.org/wp-content/uploads/2017/10/Caras-de-las-américas.jpg 1600w" sizes="auto, (max-width: 300px) 100vw, 300px" /></a></b></p>
<p class="p3"><b>Photo Caption: Dr. Nelson Colón Tarrats, Executive President of PRCF and Michael Fernández, executive director of Caras de Las Américas.</b></p>

<p>Caras de Las Américas takes care of children while supporting parents in Cataño Caras de Las Américas has a longstanding relationship with the Cataño Community providing an after-school program for children and teens, aspiring to contribute to the well-being of one of the poorest municipalities in the Island. Caras is back on its feet to [&hellip;]</p>

<!-- This site is optimized with the Yoast SEO Premium plugin v27.5 (Yoast SEO v27.5) - https://yoast.com/product/yoast-seo-premium-wordpress/ -->
<title>Caras de Las Américas takes care of children while supporting parents in Cataño - Fundación Comunitaria de Puerto Rico</title>
<meta name="robots" content="index, follow, max-snippet:-1, max-image-preview:large, max-video-preview:-1" />
<link rel="canonical" href="https://www.fcpr.org/en/caras-de-las-americas-takes-care-children-supporting-parents-catano/" />
<meta property="og:locale" content="en_US" />
<meta property="og:type" content="article" />
<meta property="og:title" content="Caras de Las Américas takes care of children while supporting parents in Cataño" />
<meta property="og:description" content="Caras de Las Américas takes care of children while supporting parents in Cataño Caras de Las Américas has a longstanding relationship with the Cataño Community providing an after-school program for children and teens, aspiring to contribute to the well-being of one of the poorest municipalities in the Island. Caras is back on its feet to [&hellip;]" />
<meta property="og:url" content="https://www.fcpr.org/en/caras-de-las-americas-takes-care-children-supporting-parents-catano/" />
<meta property="og:site_name" content="Fundación Comunitaria de Puerto Rico" />
<meta property="article:publisher" content="https://www.facebook.com/FundacionComunitaria" />
<meta property="article:modified_time" content="2017-10-24T00:58:37+00:00" />
<meta name="twitter:card" content="summary_large_image" />
<meta name="twitter:site" content="@FComunitaria" />
<meta name="twitter:label1" content="Est. reading time" />
	<meta name="twitter:data1" content="1 minute" />
<script type="application/ld+json" class="yoast-schema-graph">{"@context":"https:\/\/schema.org","@graph":[{"@type":"WebPage","@id":"https:\/\/www.fcpr.org\/caras-de-las-americas-takes-care-children-supporting-parents-catano\/","url":"https:\/\/www.fcpr.org\/caras-de-las-americas-takes-care-children-supporting-parents-catano\/","name":"Caras de Las Américas takes care of children while supporting parents in Cataño - Fundación Comunitaria de Puerto Rico","isPartOf":{"@id":"https:\/\/www.fcpr.org\/#website"},"datePublished":"2017-10-24T00:57:24+00:00","dateModified":"2017-10-24T00:58:37+00:00","breadcrumb":{"@id":"https:\/\/www.fcpr.org\/caras-de-las-americas-takes-care-children-supporting-parents-catano\/#breadcrumb"},"inLanguage":"en-US","potentialAction":[{"@type":"ReadAction","target":["https:\/\/www.fcpr.org\/caras-de-las-americas-takes-care-children-supporting-parents-catano\/"]}]},{"@type":"BreadcrumbList","@id":"https:\/\/www.fcpr.org\/caras-de-las-americas-takes-care-children-supporting-parents-catano\/#breadcrumb","itemListElement":[{"@type":"ListItem","position":1,"name":"Home","item":"https:\/\/www.fcpr.org\/"},{"@type":"ListItem","position":2,"name":"Caras de Las Américas takes care of children while supporting parents in Cataño"}]},{"@type":"WebSite","@id":"https:\/\/www.fcpr.org\/#website","url":"https:\/\/www.fcpr.org\/","name":"Fundación Comunitaria de Puerto Rico","description":"Fortaleciendo el Capital Comunitario","publisher":{"@id":"https:\/\/www.fcpr.org\/#organization"},"potentialAction":[{"@type":"SearchAction","target":{"@type":"EntryPoint","urlTemplate":"https:\/\/www.fcpr.org\/?s={search_term_string}"},"query-input":{"@type":"PropertyValueSpecification","valueRequired":true,"valueName":"search_term_string"}}],"inLanguage":"en-US"},{"@type":"Organization","@id":"https:\/\/www.fcpr.org\/#organization","name":"Fundación Comunitaria de Puerto Rico","url":"https:\/\/www.fcpr.org\/","logo":{"@type":"ImageObject","inLanguage":"en-US","@id":"https:\/\/www.fcpr.org\/#\/schema\/logo\/image\/","url":"https:\/\/www.fcpr.org\/wp-content\/uploads\/2016\/08\/logo-corp-red.png","contentUrl":"https:\/\/www.fcpr.org\/wp-content\/uploads\/2016\/08\/logo-corp-red.png","width":221,"height":32,"caption":"Fundación Comunitaria de Puerto Rico"},"image":{"@id":"https:\/\/www.fcpr.org\/#\/schema\/logo\/image\/"},"sameAs":["https:\/\/www.facebook.com\/FundacionComunitaria","https:\/\/x.com\/FComunitaria","https:\/\/www.instagram.com\/fundacioncomunitaria\/","https:\/\/www.youtube.com\/channel\/UCGGW21eIGw6NRin0BrylmWg"]}]}</script>
<!-- / Yoast SEO Premium plugin. -->

Caras de Las Américas takes care of children while supporting parents in Cataño - Fundación Comunitaria de Puerto Rico

Caras de Las Américas takes care of children while supporting parents in Cataño

Caras de Las Américas takes care of children while supporting parents in Cataño Caras de Las Américas has a longstanding relationship with the Cataño Community providing an after-school program for children and teens, aspiring to contribute to the well-being of one of the poorest municipalities in the Island. Caras is back on its feet to [&hellip;]

Fundación Comunitaria de Puerto Rico
